{"id":982,"date":"2016-12-16T10:23:41","date_gmt":"2016-12-16T09:23:41","guid":{"rendered":"http:\/\/arbresvenerables.arborethic.com\/blog\/?page_id=982"},"modified":"2016-12-16T10:25:55","modified_gmt":"2016-12-16T09:25:55","slug":"livre-arbres-tresors-vivants-du-perigord","status":"publish","type":"page","link":"https:\/\/arbresvenerables.arborethic.com\/blog\/index.php\/qui-est-jerome-hutin\/livre-arbres-tresors-vivants-du-perigord\/","title":{"rendered":"Livre \u00ab\u00a0Arbres Tr\u00e9sors Vivants du P\u00e9rigord\u00a0\u00bb"},"content":{"rendered":"<p><a href=\"http:\/\/arbresvenerables.arborethic.com\/blog\/wp-content\/uploads\/2016\/12\/couverture_livre_arbres_tresors_vivants.jpg\"><img decoding=\"async\" loading=\"lazy\" class=\"aligncenter size-full wp-image-983\" src=\"http:\/\/arbresvenerables.arborethic.com\/blog\/wp-content\/uploads\/2016\/12\/couverture_livre_arbres_tresors_vivants.jpg\" alt=\"\" width=\"595\" height=\"453\" srcset=\"https:\/\/arbresvenerables.arborethic.com\/blog\/wp-content\/uploads\/2016\/12\/couverture_livre_arbres_tresors_vivants.jpg 595w, https:\/\/arbresvenerables.arborethic.com\/blog\/wp-content\/uploads\/2016\/12\/couverture_livre_arbres_tresors_vivants-300x228.jpg 300w, https:\/\/arbresvenerables.arborethic.com\/blog\/wp-content\/uploads\/2016\/12\/couverture_livre_arbres_tresors_vivants-80x60.jpg 80w\" sizes=\"(max-width: 595px) 100vw, 595px\" \/><\/a><\/p>\n<p>Un livre de <strong>J\u00e9r\u00f4me Hutin<\/strong><\/p>\n<p><strong>Photographe des<br \/>\n<a href=\"http:\/\/arbresvenerables.arborethic.com\">Arbres V\u00e9n\u00e9rables<\/a><\/strong><\/p>\n<h3><strong>Pr\u00e9face de Pierre Rabhi<\/strong><\/h3>\n<p><strong>Synopsis\u00a0: <\/strong><\/p>\n<p><strong>UN BEAU LIVRE SUR LES ARBRES VENERABLES DE DORDOGNE : <\/strong><\/p>\n<p>Depuis le recensement des arbres pour le bicentenaire de la R\u00e9volution Fran\u00e7aise des <strong>arbres de la Liberte<\/strong>\u0301 par l\u2019<strong>association Mathusalem Dordogne<\/strong>, <strong>J\u00e9r\u00f4me Hutin<\/strong> a su trouver sa <strong>vocation <\/strong>photographique\u00a0: amoureux du P\u00e9rigord, il se passionnera vite pour son patrimoine naturel, \u00e0 travers les arbres historiques, v\u00e9ritables curiosit\u00e9s botaniques qui sont avant tout des <strong>tr\u00e9sors vivants<\/strong>.<\/p>\n<p><strong>J\u00e9r\u00f4me Hutin<\/strong> a tout d\u2019abord voyag\u00e9 autour du monde, dans plus de 50 pays afin de photographier les \u00ab\u00a0<strong>Arbres V\u00e9n\u00e9rables<\/strong>\u00ab\u00a0. Puis il a cr\u00e9\u00e9 de gigantesques expositions sur maille drapeau, et des projections g\u00e9antes sur des b\u00e2timents, \u00e0 Evian, Gen\u00e8ve et Terrasson en 2014.<\/p>\n<p><strong>L\u2019association Mathusalem Dordogne<\/strong> a \u00e9dit\u00e9 en 2010 un livret <strong>\u00ab Arbres m\u00e9moires du P\u00e9rigord \u00bb<\/strong>, repr\u00e9sentant les 16 arbres prim\u00e9s parmi ceux qui avaient connu la R\u00e9volution.<\/p>\n<p>Mais pour J\u00e9r\u00f4me, il fallait r\u00e9alisr un grand et beau livre des arbres du P\u00e9rigord.<\/p>\n<p><strong>La Dordogne n\u2019avait toujours pas son BEAU LIVRE D\u2019ART sur les Arbres V\u00e9n\u00e9rables du P\u00e9rigord<\/strong>, alors que beaucoup de d\u00e9partements fran\u00e7ais ont r\u00e9alis\u00e9 de beaux livres, souvent soutenus et financ\u00e9s par leur Conseil R\u00e9gional, D\u00e9partemental, CAUE, DREAL, ou par le Minist\u00e8re de la Culture\u2026Alors pendant 3 ans J\u00e9r\u00f4me Hutin a repris son b\u00e2ton de p\u00e8lerin et \u00e0 montr\u00e9 l\u2019exemple\u00a0: REALISER avec le soutien des Editions \u00ab\u00a0les livres de l\u2019Ilot\u00a0\u00bb, son nouveau beau livre.<\/p>\n<p>Le souhaite de J\u00e9r\u00f4me est que nous prot\u00e9gions bien mieux les arbres de nos communes p\u00e9rigourdines au m\u00eame titre que le patrimoine b\u00e2ti. Comprenons l\u2019importance de ce patrimoine naturel si g\u00e9n\u00e9reux en Dordogne\u2026<\/p>\n<p><strong>J\u00e9r\u00f4me Hutin apporte son talent et son regard de photographe professionnel<\/strong> en contribuant \u00e0 la cr\u00e9ation de ce beau livre qui se nomme<\/p>\n<p>\u00ab <strong>Arbres, Tr\u00e9sors Vivants du P\u00e9rigord<\/strong> \u00bb.<\/p>\n<p>Les <strong>Editions des Livres de l\u2019Ilot<\/strong> ont accept\u00e9 de publier son livre qui sortira fin novembre 2015, une belle id\u00e9e cadeau pour tous les amoureux des arbres !<\/p>\n<p>\u2014\u2014\u2014\u2014\u2014\u2014\u2014<\/p>\n<p>Le P\u00e9rigord, terre d\u2019histoires, riche d\u2019un patrimoine b\u00e2ti exceptionnel est aussi le berceau d\u2019arbres historiques majestueux.<\/p>\n<p>Apr\u00e8s avoir voyag\u00e9 dans plus de cinquante pays autour de la plan\u00e8te et avoir r\u00e9alis\u00e9 son premier livre \u00ab Les arbres v\u00e9n\u00e9rables \u00bb, J\u00e9r\u00f4me Hutin, photographe naturaliste, a repris son b\u00e2ton de p\u00e8lerin afin de capter, au travers de ses objectifs et de son regard, les arbres historiques du P\u00e9rigord qu\u2019il nomme les \u00ab Tr\u00e9sors vivants \u00bb.<\/p>\n<p>De page en page, vous vous baladerez le long de nos splendides vall\u00e9es de la Dordogne, de la V\u00e9z\u00e8re, de l\u2019Isle. Vous d\u00e9couvrirez la richesse arbor\u00e9e de Terrasson-Lavilledieu \u00e0 Brant\u00f4me en passant par<br \/>\nP\u00e9rigueux, Bergerac ou Sarlat en P\u00e9rigord, via Tr\u00e9molat, Campagne, Marqueyssac\u2026 Des arbres sont l\u00e0, bien enracin\u00e9s, g\u00e9n\u00e9reux de toute nature, d\u00e9ployant leurs belles ramures p\u00e9rigourdines que ce soit nos ch\u00eanes, ch\u00e2taigniers, ormes, tilleuls, s\u00e9quoias, c\u00e8dres, platanes, ginkgos.<\/p>\n<p>Les talentueuses photographies de J\u00e9r\u00f4me vous am\u00e8neront dans un voyage int\u00e9rieur au pied de ces tr\u00e9sors vivants et sensibles. Belle \u00e9vasion sous ces splendides ramures.<\/p>\n<p><strong>Pierre Rabhi<\/strong>, Agriculteur, \u00e9crivain et penseur fran\u00e7ais d\u2019origine alg\u00e9rienne, initiateur du Mouvement pour la Terre et l\u2019Humanisme et du mouvement national Colibri, pr\u00e9face et soutient le nouveau livre de J\u00e9r\u00f4me Hutin.<\/p>\n<p>Concept : un livre vendu, c\u2019est un arbre qui sera plant\u00e9.<\/p>\n<p><strong>J\u00e9r\u00f4me Hutin, Photographe (et \u00abKiki le malinois\u00bb)<\/strong><\/p>\n<p><span style=\"color: #00ff00;\"><em>Perigord, land of history, with an exceptionally rich heritage of buildings, is also the cradle of ancient majestic trees.<\/em><\/span><\/p>\n<p><span style=\"color: #00ff00;\"><em>After travelling to over fifty countries around the world, and publishing his first book \u00abVenerable Trees\u00bb Jerome Hutin, a photographer of nature, took his pilgrim\u2019s staff out once again to capture through his eyes and lenses the historic trees of P\u00e9rigord which he calls \u00abliving treasures.\u00bb<\/em><\/span><br \/>\n<span style=\"color: #00ff00;\"> <em>\u00a0<\/em><\/span><br \/>\n<span style=\"color: #00ff00;\"> <em>After opening each page you will be inspired to stroll through our splendid river valleys of the Dordogne, the V\u00e9z\u00e8re and the Isle. You will discover an arboreal wealth stretching from Terrasson-Lavilledieu through to P\u00e9rigueux and Bergerac or from Sarlat via Tr\u00e9molat, Campagne and Marqueyssac.<\/em><\/span><\/p>\n<p><span style=\"color: #00ff00;\"><em>Beneath the spreading canopies of these well-established trees you will discover our oaks, chestnuts, elms, lindens, redwoods, cedars, planes and ginkgos.<\/em><\/span><\/p>\n<p><span style=\"color: #00ff00;\"><em>Jerome\u2019s evocative photographs will inspire you to take a pedestrian ramble to fully appreciate these living treasures. To enjoy a wonderfully spiritual excursion beneath their splendid foliage.<\/em><\/span><br \/>\n<span style=\"color: #00ff00;\"> <em>\u00a0<\/em><\/span><br \/>\n<span style=\"color: #00ff00;\"> <em>Pierre Rabhi, a farmer, writer and French thinker of Algerian origin, founder of the Movement for the Earth and Humanism and the national Hummingbird <\/em><\/span><br \/>\n<span style=\"color: #00ff00;\"> <em>movement, prefaces and supports Jerome Hutin\u2019s new book.<\/em><\/span><br \/>\n<span style=\"color: #00ff00;\"> <em>\u00a0 <\/em><\/span><br \/>\n<span style=\"color: #00ff00;\"> <em>The concept is for one tree to be planted for every book sold.<\/em><\/span><\/p>\n<p><span style=\"color: #00ff00;\"><strong><em>J\u00e9r\u00f4me Hutin, Photographer (and \u00abKiki le malinois\u00bb)<\/em><\/strong><\/span><\/p>\n<p>\u2014\u2014\u2014\u2014\u2014\u2014\u2014\u2013<\/p>\n<h3 style=\"text-align: center;\"><strong>Pr\u00e9face \/Introduction \u2013 Pierre Rabhi<\/strong><br \/>\n<strong>\u00ab Un arbre en ma m\u00e9moire \u00bb<\/strong><\/h3>\n<p>Un arbre unique et solitaire fait offrande de ses ramures au ciel incandescent. Nul ne sait par quel stratag\u00e8me il a, d\u00e8s son enfance, \u00e9chapp\u00e9 \u00e0 la main pr\u00e9datrice de l\u2019homme arm\u00e9 de fer, \u00e0 la dent avide de l\u2019animal fam\u00e9lique, \u00e0 la raret\u00e9 de l\u2019eau et au dard du soleil plus que nulle part au sommet de son ardeur. Alentour est le d\u00e9sert infini submerg\u00e9 de silence s\u00e9culaire parfois troubl\u00e9 par la rumeur lointaine de troupeaux \u00e9vanescents allant sur les dunes et les immenses plateaux ensemenc\u00e9s de rocailles.<br \/>\nIci, l\u2019espace et le temps sont confondus l\u2019un par l\u2019autre tenus, et n\u2019ont d\u2019autre mesure que la d\u00e9mesure de l\u2019\u00e9ternit\u00e9. Dans cette vastitude lunaire librement parcourue de bise en f\u00e9vrier ou de vent en ouragan de sable, rugissant d\u2019une fureur dont on ne sait la raison, l\u2019arbre demeure en patience t\u00e9moin superbe et path\u00e9tique d\u2019un temps r\u00e9volu.<br \/>\nEn m\u2019approchant de la colline o\u00f9 il se tient en vigile de silence, il grandit \u00e0 mes yeux. Il s\u2019anime \u00e0 mes oreilles et la main qui en caresse le tronc me dit sa puissance. Des battements sourds se font entendre. Je ne sais d\u2019abord leur provenance, ils sont de mon propre c\u0153ur. Car ici la raret\u00e9 de la vie donne \u00e0 la vie sa vraie mesure. Et en contemplant cet \u00eatre magnifique drap\u00e9 des secrets d\u2019une longue histoire qu\u2019il est seul \u00e0 pouvoir conter, j\u2019imagine ses innombrables compagnons que la terre nourrissait pour en \u00eatre mieux nourrie. Et dans cette r\u00e9ciprocit\u00e9 vitale s\u2019exprimait toute l\u2019intelligence de la vie car l\u2019arbre n\u2019est pas seulement racine, tronc, branche et feuillage, il est un pont vertical unissant les forces telluriques \u00e0 celles du cosmos. Il est pri\u00e8re incessante adress\u00e9e \u00e0 l\u2019univers pour attirer tous les bienfaits de la vie sur la terre et les humains et sur toute cr\u00e9ature de la cr\u00e9ation.<br \/>\nTuer les arbres hors des n\u00e9cessit\u00e9s d\u2019une vie simple, c\u2019est commettre un grave pr\u00e9judice \u00e0 la vie. C\u2019est un d\u00e9lit passible des plus grandes tristesses. Les arbres disparus, il ne restera plus que vide et solitude et d\u00e9sert jusque dans les c\u0153urs.<\/p>\n<p>\u2014\u2014\u2014\u2014\u2014\u2014\u2014\u2014\u2014\u2014-<\/p>\n<p>D\u00e9tail :<\/p>\n<ul>\n<li>Un ouvrage de 208 pages couleurs au format 24 x 32 cm \u00e0 l\u2019italienne.<\/li>\n<li>Un concept \u00e9cologique : Un livre vendu = Un arbre plant\u00e9.<\/li>\n<li>Les p\u00e9pini\u00e9ristes, arboristes, paysagistes sont invit\u00e9s \u00e0 \u00eatre partenaires de ce livre et expo, en offrant des arbres !<\/li>\n<\/ul>\n","protected":false},"excerpt":{"rendered":"<p>Un livre de J\u00e9r\u00f4me Hutin Photographe des Arbres V\u00e9n\u00e9rables Pr\u00e9face de Pierre Rabhi Synopsis\u00a0: UN BEAU LIVRE SUR LES ARBRES VENERABLES DE DORDOGNE : Depuis le recensement des arbres pour le bicentenaire de la R\u00e9volution Fran\u00e7aise des arbres de la Liberte\u0301 par l\u2019association Mathusalem&#8230;<\/p>\n","protected":false},"author":1,"featured_media":0,"parent":89,"menu_order":0,"comment_status":"closed","ping_status":"closed","template":"","meta":{"_mi_skip_tracking":false,"_monsterinsights_sitenote_active":false,"_monsterinsights_sitenote_note":"","_monsterinsights_sitenote_category":0},"_links":{"self":[{"href":"https:\/\/arbresvenerables.arborethic.com\/blog\/index.php\/wp-json\/wp\/v2\/pages\/982"}],"collection":[{"href":"https:\/\/arbresvenerables.arborethic.com\/blog\/index.php\/wp-json\/wp\/v2\/pages"}],"about":[{"href":"https:\/\/arbresvenerables.arborethic.com\/blog\/index.php\/wp-json\/wp\/v2\/types\/page"}],"author":[{"embeddable":true,"href":"https:\/\/arbresvenerables.arborethic.com\/blog\/index.php\/wp-json\/wp\/v2\/users\/1"}],"replies":[{"embeddable":true,"href":"https:\/\/arbresvenerables.arborethic.com\/blog\/index.php\/wp-json\/wp\/v2\/comments?post=982"}],"version-history":[{"count":2,"href":"https:\/\/arbresvenerables.arborethic.com\/blog\/index.php\/wp-json\/wp\/v2\/pages\/982\/revisions"}],"predecessor-version":[{"id":985,"href":"https:\/\/arbresvenerables.arborethic.com\/blog\/index.php\/wp-json\/wp\/v2\/pages\/982\/revisions\/985"}],"up":[{"embeddable":true,"href":"https:\/\/arbresvenerables.arborethic.com\/blog\/index.php\/wp-json\/wp\/v2\/pages\/89"}],"wp:attachment":[{"href":"https:\/\/arbresvenerables.arborethic.com\/blog\/index.php\/wp-json\/wp\/v2\/media?parent=982"}],"curies":[{"name":"wp","href":"https:\/\/api.w.org\/{rel}","templated":true}]}}