{"id":2549,"date":"2017-09-03T19:10:20","date_gmt":"2017-09-03T18:10:20","guid":{"rendered":"http:\/\/arbresvenerables.arborethic.com\/blog\/index.php\/gallerie-photos-arbres-du-monde\/gallery21\/gallery23\/"},"modified":"2017-09-03T22:06:50","modified_gmt":"2017-09-03T21:06:50","slug":"gallery23","status":"publish","type":"page","link":"https:\/\/arbresvenerables.arborethic.com\/blog\/index.php\/gallerie-photos-arbres-du-monde\/gallery21\/gallery23\/","title":{"rendered":"Bretagne &#8211; Finist\u00e8re (PHOTO r\u00e9alis\u00e9e avec le T\u00e9l\u00e9phone SAMSUNG ZENFONE"},"content":{"rendered":"<p><strong>Voici quelques photos de la nature \u00e0 Plougastel. Y en aura d&rsquo;autres&#8230; et si vous le d\u00e9sirez, vous pouvez me montrer vos lieux pr\u00e9f\u00e9r\u00e9s !<\/strong><\/p>\n        <link type=\"text\/css\" rel=\"stylesheet\" href=\"https:\/\/arbresvenerables.arborethic.com\/blog\/wp-content\/plugins\/simple-photo-gallery\/classes\/gallery-templates\/css\/wppg-photo-gallery-template-3.css?ver=1.8.1\" \/>\r\n        <div id=\"wppg-gallery-template-3\">\r\n<link type=\"text\/css\" rel=\"stylesheet\" href=\"https:\/\/arbresvenerables.arborethic.com\/blog\/wp-content\/plugins\/simple-photo-gallery\/classes\/gallery-templates\/css\/wppg-pagination.css?ver=1.8.1\" \/>\t<div class=\"wpsg-t3-item\">\r\n            <a class=\"wppg_popup\" title=\"P_20170830_084329\" href=\"https:\/\/arbresvenerables.arborethic.com\/blog\/index.php\/wppg_photo_details\/?gallery_id=23&image_id=2529\">\r\n                <img alt=\"p_20170830_084329\" src=\"https:\/\/arbresvenerables.arborethic.com\/blog\/wp-content\/uploads\/simple_photo_gallery\/23\/P_20170830_084329.jpg\">\r\n            <\/a>\r\n\t<\/div><!-- end of .wpsg-t3-item -->\r\n    \t<div class=\"wpsg-t3-item\">\r\n            <a class=\"wppg_popup\" title=\"P_20170830_190154\" href=\"https:\/\/arbresvenerables.arborethic.com\/blog\/index.php\/wppg_photo_details\/?gallery_id=23&image_id=2530\">\r\n                <img alt=\"p_20170830_190154\" src=\"https:\/\/arbresvenerables.arborethic.com\/blog\/wp-content\/uploads\/simple_photo_gallery\/23\/P_20170830_190154.jpg\">\r\n            <\/a>\r\n\t<\/div><!-- end of .wpsg-t3-item -->\r\n    \t<div class=\"wpsg-t3-item\">\r\n            <a class=\"wppg_popup\" title=\"P_20170831_080431\" href=\"https:\/\/arbresvenerables.arborethic.com\/blog\/index.php\/wppg_photo_details\/?gallery_id=23&image_id=2531\">\r\n                <img alt=\"p_20170831_080431\" src=\"https:\/\/arbresvenerables.arborethic.com\/blog\/wp-content\/uploads\/simple_photo_gallery\/23\/P_20170831_080431.jpg\">\r\n            <\/a>\r\n\t<\/div><!-- end of .wpsg-t3-item -->\r\n    \t<div class=\"wpsg-t3-item\">\r\n            <a class=\"wppg_popup\" title=\"P_20170901_214731\" href=\"https:\/\/arbresvenerables.arborethic.com\/blog\/index.php\/wppg_photo_details\/?gallery_id=23&image_id=2534\">\r\n                <img alt=\"p_20170901_214731\" src=\"https:\/\/arbresvenerables.arborethic.com\/blog\/wp-content\/uploads\/simple_photo_gallery\/23\/P_20170901_214731.jpg\">\r\n            <\/a>\r\n\t<\/div><!-- end of .wpsg-t3-item -->\r\n    \t<div class=\"wpsg-t3-item\">\r\n            <a class=\"wppg_popup\" title=\"P_20170902_084445\" href=\"https:\/\/arbresvenerables.arborethic.com\/blog\/index.php\/wppg_photo_details\/?gallery_id=23&image_id=2535\">\r\n                <img alt=\"p_20170902_084445\" src=\"https:\/\/arbresvenerables.arborethic.com\/blog\/wp-content\/uploads\/simple_photo_gallery\/23\/P_20170902_084445.jpg\">\r\n            <\/a>\r\n\t<\/div><!-- end of .wpsg-t3-item -->\r\n    \t<div class=\"wpsg-t3-item\">\r\n            <a class=\"wppg_popup\" title=\"P_20170902_085559\" href=\"https:\/\/arbresvenerables.arborethic.com\/blog\/index.php\/wppg_photo_details\/?gallery_id=23&image_id=2536\">\r\n                <img alt=\"p_20170902_085559\" src=\"https:\/\/arbresvenerables.arborethic.com\/blog\/wp-content\/uploads\/simple_photo_gallery\/23\/P_20170902_085559.jpg\">\r\n            <\/a>\r\n\t<\/div><!-- end of .wpsg-t3-item -->\r\n    \t<div class=\"wpsg-t3-item\">\r\n            <a class=\"wppg_popup\" title=\"P_20170902_090612\" href=\"https:\/\/arbresvenerables.arborethic.com\/blog\/index.php\/wppg_photo_details\/?gallery_id=23&image_id=2538\">\r\n                <img alt=\"p_20170902_090612\" src=\"https:\/\/arbresvenerables.arborethic.com\/blog\/wp-content\/uploads\/simple_photo_gallery\/23\/P_20170902_090612.jpg\">\r\n            <\/a>\r\n\t<\/div><!-- end of .wpsg-t3-item -->\r\n    \t<div class=\"wpsg-t3-item\">\r\n            <a class=\"wppg_popup\" title=\"P_20170902_090818\" href=\"https:\/\/arbresvenerables.arborethic.com\/blog\/index.php\/wppg_photo_details\/?gallery_id=23&image_id=2539\">\r\n                <img alt=\"p_20170902_090818\" src=\"https:\/\/arbresvenerables.arborethic.com\/blog\/wp-content\/uploads\/simple_photo_gallery\/23\/P_20170902_090818.jpg\">\r\n            <\/a>\r\n\t<\/div><!-- end of .wpsg-t3-item -->\r\n    \t<div class=\"wpsg-t3-item\">\r\n            <a class=\"wppg_popup\" title=\"P_20170902_091804\" href=\"https:\/\/arbresvenerables.arborethic.com\/blog\/index.php\/wppg_photo_details\/?gallery_id=23&image_id=2540\">\r\n                <img alt=\"p_20170902_091804\" src=\"https:\/\/arbresvenerables.arborethic.com\/blog\/wp-content\/uploads\/simple_photo_gallery\/23\/P_20170902_091804.jpg\">\r\n            <\/a>\r\n\t<\/div><!-- end of .wpsg-t3-item -->\r\n    \t<div class=\"wpsg-t3-item\">\r\n            <a class=\"wppg_popup\" title=\"P_20170902_092511\" href=\"https:\/\/arbresvenerables.arborethic.com\/blog\/index.php\/wppg_photo_details\/?gallery_id=23&image_id=2542\">\r\n                <img alt=\"p_20170902_092511\" src=\"https:\/\/arbresvenerables.arborethic.com\/blog\/wp-content\/uploads\/simple_photo_gallery\/23\/P_20170902_092511.jpg\">\r\n            <\/a>\r\n\t<\/div><!-- end of .wpsg-t3-item -->\r\n    \t<div class=\"wpsg-t3-item\">\r\n            <a class=\"wppg_popup\" title=\"P_20170902_092623\" href=\"https:\/\/arbresvenerables.arborethic.com\/blog\/index.php\/wppg_photo_details\/?gallery_id=23&image_id=2543\">\r\n                <img alt=\"p_20170902_092623\" src=\"https:\/\/arbresvenerables.arborethic.com\/blog\/wp-content\/uploads\/simple_photo_gallery\/23\/P_20170902_092623.jpg\">\r\n            <\/a>\r\n\t<\/div><!-- end of .wpsg-t3-item -->\r\n    \t<div class=\"wpsg-t3-item\">\r\n            <a class=\"wppg_popup\" title=\"P_20170902_092748\" href=\"https:\/\/arbresvenerables.arborethic.com\/blog\/index.php\/wppg_photo_details\/?gallery_id=23&image_id=2544\">\r\n                <img alt=\"p_20170902_092748\" src=\"https:\/\/arbresvenerables.arborethic.com\/blog\/wp-content\/uploads\/simple_photo_gallery\/23\/P_20170902_092748.jpg\">\r\n            <\/a>\r\n\t<\/div><!-- end of .wpsg-t3-item -->\r\n    \t<div class=\"wpsg-t3-item\">\r\n            <a class=\"wppg_popup\" title=\"P_20170902_092945\" href=\"https:\/\/arbresvenerables.arborethic.com\/blog\/index.php\/wppg_photo_details\/?gallery_id=23&image_id=2546\">\r\n                <img alt=\"p_20170902_092945\" src=\"https:\/\/arbresvenerables.arborethic.com\/blog\/wp-content\/uploads\/simple_photo_gallery\/23\/P_20170902_092945.jpg\">\r\n            <\/a>\r\n\t<\/div><!-- end of .wpsg-t3-item -->\r\n    \t<div class=\"wpsg-t3-item\">\r\n            <a class=\"wppg_popup\" title=\"P_20170902_093709\" href=\"https:\/\/arbresvenerables.arborethic.com\/blog\/index.php\/wppg_photo_details\/?gallery_id=23&image_id=2547\">\r\n                <img alt=\"p_20170902_093709\" src=\"https:\/\/arbresvenerables.arborethic.com\/blog\/wp-content\/uploads\/simple_photo_gallery\/23\/P_20170902_093709.jpg\">\r\n            <\/a>\r\n\t<\/div><!-- end of .wpsg-t3-item -->\r\n    \t<div class=\"wpsg-t3-item\">\r\n            <a class=\"wppg_popup\" title=\"P_20170902_094645\" href=\"https:\/\/arbresvenerables.arborethic.com\/blog\/index.php\/wppg_photo_details\/?gallery_id=23&image_id=2548\">\r\n                <img alt=\"p_20170902_094645\" src=\"https:\/\/arbresvenerables.arborethic.com\/blog\/wp-content\/uploads\/simple_photo_gallery\/23\/P_20170902_094645.jpg\">\r\n            <\/a>\r\n\t<\/div><!-- end of .wpsg-t3-item -->\r\n            <div class=\"clear\"><\/div>\r\n                \r\n        <\/div> <!--end wppg-gallery-display div --> \r\n       \r\n     \r\n<!-- Masonry stuff -->\r\n<script type=\"text\/javascript\" src=\"https:\/\/arbresvenerables.arborethic.com\/blog\/wp-content\/plugins\/simple-photo-gallery\/js\/masonry.pkgd.min.js?ver=1.8.1\"><\/script><script type=\"text\/javascript\">\r\nwindow.onload = function(){ \r\nvar container = document.querySelector('#wppg-gallery-template-3');\r\nvar msnry = new Masonry( container, {\r\n  \/\/ options\r\n  columnWidth: '.wpsg-t3-item',\r\n  itemSelector: '.wpsg-t3-item'\r\n});\r\n}\r\n<\/script>\r\n<!-- End Masonry stuff -->\r\n\r\n\r\n\n","protected":false},"excerpt":{"rendered":"<p>Voici quelques photos de la nature \u00e0 Plougastel. Y en aura d&rsquo;autres&#8230; et si vous le d\u00e9sirez, vous pouvez me montrer vos lieux pr\u00e9f\u00e9r\u00e9s !<\/p>\n","protected":false},"author":1,"featured_media":0,"parent":2392,"menu_order":0,"comment_status":"closed","ping_status":"closed","template":"","meta":{"_mi_skip_tracking":false,"_monsterinsights_sitenote_active":false,"_monsterinsights_sitenote_note":"","_monsterinsights_sitenote_category":0},"_links":{"self":[{"href":"https:\/\/arbresvenerables.arborethic.com\/blog\/index.php\/wp-json\/wp\/v2\/pages\/2549"}],"collection":[{"href":"https:\/\/arbresvenerables.arborethic.com\/blog\/index.php\/wp-json\/wp\/v2\/pages"}],"about":[{"href":"https:\/\/arbresvenerables.arborethic.com\/blog\/index.php\/wp-json\/wp\/v2\/types\/page"}],"author":[{"embeddable":true,"href":"https:\/\/arbresvenerables.arborethic.com\/blog\/index.php\/wp-json\/wp\/v2\/users\/1"}],"replies":[{"embeddable":true,"href":"https:\/\/arbresvenerables.arborethic.com\/blog\/index.php\/wp-json\/wp\/v2\/comments?post=2549"}],"version-history":[{"count":2,"href":"https:\/\/arbresvenerables.arborethic.com\/blog\/index.php\/wp-json\/wp\/v2\/pages\/2549\/revisions"}],"predecessor-version":[{"id":2552,"href":"https:\/\/arbresvenerables.arborethic.com\/blog\/index.php\/wp-json\/wp\/v2\/pages\/2549\/revisions\/2552"}],"up":[{"embeddable":true,"href":"https:\/\/arbresvenerables.arborethic.com\/blog\/index.php\/wp-json\/wp\/v2\/pages\/2392"}],"wp:attachment":[{"href":"https:\/\/arbresvenerables.arborethic.com\/blog\/index.php\/wp-json\/wp\/v2\/media?parent=2549"}],"curies":[{"name":"wp","href":"https:\/\/api.w.org\/{rel}","templated":true}]}}