{"id":2395,"date":"2017-07-10T09:15:01","date_gmt":"2017-07-10T08:15:01","guid":{"rendered":"http:\/\/arbresvenerables.arborethic.com\/blog\/index.php\/gallerie-photos-arbres-du-monde\/gallery21\/album4\/"},"modified":"2017-07-10T09:15:01","modified_gmt":"2017-07-10T08:15:01","slug":"album4","status":"publish","type":"page","link":"https:\/\/arbresvenerables.arborethic.com\/blog\/index.php\/gallerie-photos-arbres-du-monde\/gallery21\/album4\/","title":{"rendered":"Mana Fina"},"content":{"rendered":"        <link type=\"text\/css\" rel=\"stylesheet\" href=\"https:\/\/arbresvenerables.arborethic.com\/blog\/wp-content\/plugins\/simple-photo-gallery\/classes\/album-templates\/css\/wppg-photo-album-template-1.css?ver=1.8.1\" \/>\r\n        \r\n\r\n            <div id=\"wppg_albumcontainer\"> \r\n \r\n                    <div class=\"wppg_album_item_container\">\r\n                        <div class=\"wppg_album_item_top\">\r\n                            <div class=\"wppg_album_item_thumbnail\">\r\n                            <a href='https:\/\/arbresvenerables.arborethic.com\/blog\/index.php\/gallerie-photos-arbres-du-monde\/gallery21\/'>\r\n                                    <img class=\"wppg_album_item_thumbnail\" src='https:\/\/arbresvenerables.arborethic.com\/blog\/wp-content\/uploads\/simple_photo_gallery\/21\/HUT_0042-150x150.jpg' alt='F\u00eate du printemps \u00e0 Locmin\u00e9, 11 mars 2017 : MANA FINA' title=\"F\u00eate du printemps \u00e0 Locmin\u00e9, 11 mars 2017 : MANA FINA\" \/>\r\n                            <\/a>\r\n                            <\/div>\r\n                        <\/div>\r\n                        <div class=\"wppg_album_item_bottom\">\r\n                            <div class=\"wppg_album_item_name\"><a href=\"https:\/\/arbresvenerables.arborethic.com\/blog\/index.php\/gallerie-photos-arbres-du-monde\/gallery21\/\" title=\"F\u00eate du printemps \u00e0 Locmin\u00e9, 11 mars 2017 : MANA FINA\">F\u00eate du print...<\/a><\/div>\r\n                        <\/div>\r\n                    <\/div>\r\n    \n","protected":false},"excerpt":{"rendered":"","protected":false},"author":1,"featured_media":0,"parent":2392,"menu_order":0,"comment_status":"closed","ping_status":"closed","template":"","meta":{"_mi_skip_tracking":false,"_monsterinsights_sitenote_active":false,"_monsterinsights_sitenote_note":"","_monsterinsights_sitenote_category":0},"_links":{"self":[{"href":"https:\/\/arbresvenerables.arborethic.com\/blog\/index.php\/wp-json\/wp\/v2\/pages\/2395"}],"collection":[{"href":"https:\/\/arbresvenerables.arborethic.com\/blog\/index.php\/wp-json\/wp\/v2\/pages"}],"about":[{"href":"https:\/\/arbresvenerables.arborethic.com\/blog\/index.php\/wp-json\/wp\/v2\/types\/page"}],"author":[{"embeddable":true,"href":"https:\/\/arbresvenerables.arborethic.com\/blog\/index.php\/wp-json\/wp\/v2\/users\/1"}],"replies":[{"embeddable":true,"href":"https:\/\/arbresvenerables.arborethic.com\/blog\/index.php\/wp-json\/wp\/v2\/comments?post=2395"}],"version-history":[{"count":0,"href":"https:\/\/arbresvenerables.arborethic.com\/blog\/index.php\/wp-json\/wp\/v2\/pages\/2395\/revisions"}],"up":[{"embeddable":true,"href":"https:\/\/arbresvenerables.arborethic.com\/blog\/index.php\/wp-json\/wp\/v2\/pages\/2392"}],"wp:attachment":[{"href":"https:\/\/arbresvenerables.arborethic.com\/blog\/index.php\/wp-json\/wp\/v2\/media?parent=2395"}],"curies":[{"name":"wp","href":"https:\/\/api.w.org\/{rel}","templated":true}]}}