{"id":235,"date":"2016-12-14T00:53:00","date_gmt":"2016-12-13T23:53:00","guid":{"rendered":"http:\/\/arbresvenerables.arborethic.com\/blog\/?page_id=235"},"modified":"2016-12-16T10:10:31","modified_gmt":"2016-12-16T09:10:31","slug":"arbresvenerables","status":"publish","type":"page","link":"https:\/\/arbresvenerables.arborethic.com\/blog\/index.php\/qui-est-jerome-hutin\/arbresvenerables\/","title":{"rendered":"Livre \u00ab\u00a0les Arbres V\u00e9n\u00e9rables de la plan\u00e8te\u00a0\u00bb"},"content":{"rendered":"<h2 class=\"Style7\" align=\"center\"><span class=\"Style90\"><strong>Le Livre de J\u00e9r\u00f4me Hutin<\/strong><\/span><\/h2>\n<h2 class=\"Style16\" align=\"center\">\u00ab\u00a0Les Arbres V\u00e9n\u00e9rables\u00a0\u00bb<\/h2>\n<p class=\"Style16\" align=\"center\"><img decoding=\"async\" loading=\"lazy\" src=\"http:\/\/arbresvenerables.arborethic.com\/ArbresVenerables\/images\/2709620669.08.MZZZZZZZ.jpg\" alt=\"arbres venerables\" width=\"103\" height=\"140\" \/><\/p>\n<p class=\"Style67\" align=\"center\">Epuis\u00e9 !!!<\/p>\n<p class=\"Style86\" align=\"center\">Si vous souhaitez que mon \u00e9diteur le r\u00e9\u00e9dite en<u> papier recycl\u00e9<\/u>,<\/p>\n<p class=\"Style86\" align=\"center\">envoyer vos lettres \u00e0 la direction \u00e9ditoriale (Isabelle ou Laurent Laffont),<\/p>\n<p class=\"Style86\" align=\"center\">et n&rsquo;h\u00e9sitez pas!!!!Merci<\/p>\n<p class=\"Style74\" align=\"center\"><strong>(Editions Jean Claude Latt\u00e8s &#8211; 17 rue Jacob &#8211; 75006 &#8211; Paris &#8211; France)<\/strong><\/p>\n<h3 class=\"Style74\" align=\"center\"><\/h3>\n<h3 class=\"Style74\" align=\"center\">\u00ab\u00a0Les Arbres V\u00e9n\u00e9rables de la Plan\u00e8te.\u00a0\u00bb<\/h3>\n<p class=\"Style74\" align=\"center\"><strong>\u00ab\u00a0Plus de 10 ans d&rsquo;explorations et de recherches. Plusieurs tours du monde. Des Milliers de photos, des centaines de rencontres et d&rsquo;aventures extraordinaires. Un superbe livre, hommage \u00e0 la beaut\u00e9 magique, \u00e0 la noblesse et \u00e0 la fragilit\u00e9 des plus v\u00e9n\u00e9rables arbres de la plan\u00e8te. <\/strong><\/p>\n<p class=\"Style74\" align=\"center\"><strong>Un appel \u00e0 la vigilance et au respect.\u00a0\u00bb<\/strong><\/p>\n<p class=\"Style74\" align=\"center\"><strong><u>Editorial\u00a0:<\/u><\/strong><\/p>\n<p class=\"Style74\" align=\"center\"><strong><em>Amoureux fou des arbres, partisan acharn\u00e9 de leur sauvegarde, et fabuleux globe-trotter, tel est le portrait de J\u00e9r\u00f4me Hutin qui depuis pr\u00e8s de dix ans sillonne la plan\u00e8te \u00e0 la recherche des plus v\u00e9n\u00e9rables sentinelles de la nature. Il a r\u00e9pertori\u00e9 les essences rares les plus anciennes &#8211; souvent vieilles de plus de 1 000 ans &#8211; celles dont les l\u00e9gendes et les histoires ont travers\u00e9 les si\u00e8cles, celles qui furent les t\u00e9moins du destin des hommes et qui sont aujourd&rsquo;hui menac\u00e9es par un \u00e9cosyst\u00e8me d\u00e9grad\u00e9. Des for\u00eats continentales europ\u00e9ennes aux for\u00eats pluviales de la c\u00f4te am\u00e9ricaine, du Mexique au Chili, de la Chine \u00e0 la Nouvelle Z\u00e9lande, de Madagascar au Kenya&#8230; Ce sont les plus \u00e9mouvants, les plus somptueux baobabs, ch\u00eanes, ficus, manguiers, s\u00e9quoias, c\u00e8dres&#8230; qui surgissent sous nos yeux \u00e9merveill\u00e9s. Car ce voyage hommage, riche en aventures humaines et en anecdotes, est aussi une mise en garde : 90 % des for\u00eats originelles ont aujourd&rsquo;hui disparu et J\u00e9r\u00f4me Hutin poursuit son action pour que ces tr\u00e9sors de la vie soient inscrits au Patrimoine Culturel de l&rsquo;Humanit\u00e9.<\/em><\/strong><\/p>\n<p class=\"Style74\" align=\"center\"><strong>Code ISBN : 2709620669 \/ R\u00e9f. Hachette : 4530036 \/ EAN : 9782709620666<\/strong><\/p>\n<p class=\"Style74\" align=\"center\"><strong><u>Prix Public : 37,00 \u20ac<\/u><\/strong><\/p>\n<p class=\"Style74\" align=\"center\"><strong>Format : 280 mm\u00a0x\u00a0210 mm &#8211; 224 pages &#8211; 200 Photos couleurs<\/strong> <img decoding=\"async\" loading=\"lazy\" src=\"http:\/\/arbresvenerables.free.fr\/ArbresVenerables\/images\/pix1x1.gif\" alt=\"\" width=\"1\" height=\"4\" border=\"0\" \/><\/p>\n<ul class=\"Style74\">\n<li>\n<div align=\"left\"><a href=\"http:\/\/www.amazon.fr\/exec\/obidos\/ASIN\/2709620669\/lesarbresvene-21\" target=\"http:\/\/www.amazon.fr\/exec\/obidos\/ASIN\/2709620669\/lesarbresvene-21\"><strong><u>COMMANDER avec AMAZON:<\/u><\/strong><\/a><\/div>\n<\/li>\n<\/ul>\n<p class=\"Style74\" align=\"center\">Quelques photos du livre&#8230; elles sont disponibles en haute d\u00e9finition pour \u00eatre publi\u00e9es dans les magazines, en cartes postales, posters&#8230;contactez-moi.<\/p>\n<p class=\"Style74\" align=\"center\">LE LIVRE EN LIGNE EN FLASH :<\/p>\n<p class=\"Style323\" align=\"center\">le temps d&rsquo;attendre une \u00e9ventuelle r\u00e9\u00e9dition :<\/p>\n<p class=\"Style323\" align=\"center\"><object width=\"300\" height=\"150\" data-mce-fragment=\"1\"><embed src=\"http:\/\/static.issuu.com\/webembed\/viewers\/style1\/v1\/IssuuViewer.swf\" type=\"application\/x-shockwave-flash\" allowfullscreen=\"allowfullscreen\" menu=\"false\" flashvars=\"mode=embed&amp;layout=http%3A%2F%2Fskin.issuu.com%2Fv%2Fdark%2Flayout.xml&amp;showFlipBtn=true&amp;documentId=091010194541-21db0244de0d41269517a2905ae982ce&amp;docName=book_arbres_venerables_inside&amp;username=arborethic_catalogue&amp;loadingInfoText=Les%20Arbres%20V%C3%A9n%C3%A9rables&amp;et=1255256058132&amp;er=77\" \/><\/object><\/p>\n<p class=\"Style348\" align=\"center\">Vous pouvez me faire une donation, si vous le souhaitez, ce serait sympa !!!<\/p>\n<p class=\"Style348\" align=\"center\">en \u00e9change de lire en ligne mon livre.<\/p>\n<p class=\"Style221 Style175 Style352\" align=\"center\">Faites un don<\/p>\n<div class=\"Style220 Style352\" align=\"center\">Soutenez J\u00e9r\u00f4me Hutin<\/div>\n<form action=\"https:\/\/www.paypal.com\/cgi-bin\/webscr\" method=\"post\">\n<div align=\"center\"><input alt=\"PayPal - la solution de paiement en ligne la plus simple et la plus s\u00e9curis\u00e9e !\" name=\"submit2\" src=\"https:\/\/www.paypal.com\/fr_FR\/FR\/i\/btn\/btn_donateCC_LG.gif\" type=\"image\" align=\"middle\" \/> <img decoding=\"async\" loading=\"lazy\" src=\"https:\/\/www.paypal.com\/fr_FR\/i\/scr\/pixel.gif\" alt=\"Don\" width=\"1\" height=\"1\" border=\"0\" \/><\/div>\n<div align=\"center\"><\/div>\n<div align=\"center\"><\/div>\n<div align=\"center\">&#8212;&#8212;&#8212;&#8212;&#8212;&#8212;&#8211;<\/div>\n<div align=\"center\"><\/div>\n<div align=\"center\"><strong>Les partenaires financiers du tour du monde 1996 &#8211; 2002<\/strong><\/div>\n<div align=\"center\"><\/div>\n<div align=\"center\">\n<table width=\"302\">\n<tbody>\n<tr>\n<td width=\"154\">\u00a0<img decoding=\"async\" loading=\"lazy\" src=\"http:\/\/arbresvenerables.arborethic.com\/ArbresVenerables\/images\/erilogo.bmp\" width=\"62\" height=\"53\" border=\"1\" \/><\/td>\n<td width=\"119\">\u00a0<img decoding=\"async\" loading=\"lazy\" src=\"http:\/\/arbresvenerables.arborethic.com\/ArbresVenerables\/images\/FonDAtionR_p1.jpg\" width=\"119\" height=\"42\" align=\"middle\" border=\"0\" \/><\/td>\n<td width=\"205\">\u00a0<img decoding=\"async\" loading=\"lazy\" src=\"http:\/\/arbresvenerables.arborethic.com\/ArbresVenerables\/images\/jal.jpg\" width=\"86\" height=\"66\" border=\"1\" \/><\/td>\n<\/tr>\n<tr>\n<td colspan=\"2\">\u00a0<img decoding=\"async\" loading=\"lazy\" src=\"http:\/\/arbresvenerables.arborethic.com\/ArbresVenerables\/images\/fuji.jpg\" width=\"209\" height=\"37\" border=\"1\" \/><\/td>\n<td width=\"205\">\u00a0<img decoding=\"async\" loading=\"lazy\" src=\"http:\/\/arbresvenerables.arborethic.com\/ArbresVenerables\/images\/Logo%20NZ.jpg\" width=\"84\" height=\"42\" border=\"1\" \/><\/td>\n<\/tr>\n<\/tbody>\n<\/table>\n<\/div>\n<div align=\"center\">\n<p>&nbsp;<\/p>\n<p><strong><u>Merci avec mes donateurs priv\u00e9s\u00a0:<\/u><\/strong> Benjamin Stassen, J\u00fcrgen H\u00fcfner, Steve Brye, Mme Angela Martin, Mme Gabrielle Goedkoop, Monsieur Jean Claude Gallienne, la commune de R\u00e9aumont, , Geo Brunel propri\u00e9taire de \u00ab\u00a0la Corbini\u00e8res des Landes\u00a0\u00bb, Elio d\u2019Aldisio, le maire de Bad Br\u00fcckenau, la Saline Royale d\u2019Arc et Senans, Enda Dakar, John Gathright et sa famille, l\u2019Alliance fran\u00e7aise de Sendai au Japon, Zoey Abbott, Yamasaki Saburou, Kazuhiko Hasegawa et \u00ab\u00a0Sagano Scenic Railway\u00a0\u00bb de Kyoto , Kiyomi et Sethuko Yamada, Odile Furusawa, Fumio Mori, Barbara Uemura, Honen In Temple de Kyoto dont Mdame Masako Kajita, Caf\u00e9 Ind\u00e9pendant de Kyoto, Kyoto Journal, Ken\u00a0 rodgers, John Einarsen, Norio Sasaki, Nakata Takaaki et A\u00efda Junichi,\u00a0 Gwion Flegeo de \u00ab\u00a0Sant Zekez\u00a0\u00bb, Monsieur Edouard Goldsmith, Warren Wu et sa femme Crystal Li, Gao yan, Yuemei Zhang, Lai Wen yan (Sara), Joe Hendrickson (Tree Care), Charles Ellenbrock, Janine Hummel, Christian Peyrodes, Gilberte Koechlin.<\/p>\n<p><strong><u>Avant d\u2019\u00eatre partis dans ce voyage initiatique, tous les journalistes qui ont cru et croient encore \u00e0 mon projet, en sont remerci\u00e9 tels que\u00a0:<\/u><\/strong><\/p>\n<p>Sud Ouest (Franck Delage et Isabelle Sarran), Le Journal du Bois, Le Journal du Perigord, Ouest France (Jean Th\u00e9faine), L\u2019Essor sarladais, Le Parisien, le JDD, Science &amp;Vie, VSD, GEO, SIPAPRESS, TF1 (Robert Werner), France 2 (Nicolas Winckler), France 3, Aqui TV.<\/p>\n<p><strong>Mais aussi les journalistes des diff\u00e9rents pays qui croient aussi \u00e0 ma croisade<\/strong> : David Wysocki de l\u2019Associated Press New York, \u00ab\u00a0The Keen Sentinel\u00a0\u00bb, Terry Richard de \u00ab\u00a0Oregonian newspaper\u00a0\u00bb, Guy Keeler du \u00ab\u00a0Fresno Bee\u00a0\u00bb, les journalistes de Ultima Hora au Mexique, Marta Zuniga Gatica de \u00ab\u00a0El Llanquihue\u00a0\u00bb au Chili, Eve Lamb du \u00ab\u00a0Mercury\u00a0\u00bb en Tasmanie, \u00ab\u00a0The Examiner\u00a0\u00bb de Tasmanie, \u00ab\u00a0The \u00c2ge\u00a0\u00bb de Melbourne, Phil Hamilton de \u00ab\u00a0The Evening Post\u00a0\u00bb \u00e0 Wellington, NZ, Stacey Bodger de \u00ab\u00a0The Herald\u00a0\u00bb d\u2019Auckland, NZ, Maitreyee Handique de \u00ab\u00a0Business Standard\u00a0\u00bb, \u00e0 Delhi, Poonam Goel de \u00ab\u00a0The Hindustan Times\u00a0\u00bb, \u00e0 Delhi, Smeeta Mishra Pandey de \u00ab\u00a0Indian Express\u00a0\u00bb \u00e0 Delhi, Florina Soren de \u00ab\u00a0The Statesman\u00a0\u00bb, \u00ab\u00a0Le Matin\u00a0\u00bb(Pascale Bieri) et la \u00ab\u00a0Tribune de Gen\u00e8ve\u00a0\u00bb (Xavier Farinelli) ainsi que mon cousin et ami J\u00e9r\u00f4me Koechlin, Herv\u00e9 Queill\u00e9 du \u00ab\u00a0T\u00e9l\u00e9gramme\u00a0\u2013 C\u00f4te d\u2019Armor\u00bb, Jean Fran\u00e7ois Boscher du \u00ab\u00a0Le Penthi\u00e8vre\u00a0\u00bb, Christine Rinaudo de \u00ab\u00a0Nice Matin, \u00ab\u00a0Ouest France\u00a0\u00bb, \u00ab\u00a0The Japan Times\u00a0\u00bb, le \u00ab\u00a0Kyoto Journal\u00a0\u00bb, le \u00ab\u00a0Kyoto Shimbun\u00a0\u00bb, le \u00ab\u00a0Minaminippon Shimbun Kagoshima\u00a0\u00bb, \u00ab\u00a0KTN\u00a0\u00bb Kenya, \u00ab\u00a0Nation\u00a0\u00bb, \u00ab\u00a0SABC News &#8211; Morning Live\u00a0\u00bb, \u00ab\u00a0Kunming News\u00a0\u00bb.<\/p>\n<p><strong><u>Un grand respect \u00e0<\/u><\/strong><u>\u00a0:<\/u><\/p>\n<p><strong>FRANCE\u00a0: <\/strong>Genevieve Hutin (ma maman d\u00e9c\u00e9d\u00e9ele 23 juin 2007), R\u00e9mi Hutin, Madame Diane Schlumberger\u00a0, Pauline Lartigue\u00a0, Michel Develay, Fran\u00e7ois Rychlewski, Bruno Baudry, Bernard Tramier, Andr\u00e9 Lamy, Jean Pierre Turbil, Pierre Peugeot, Philippe H\u00e9riss\u00e9, Philippe Lallier, Cyrille Albert, Serge Antoine, Saline Royale d\u2019Arc et Senans\u00a0, Victor Clapier, Monsieur et Madame Hardy, Mme Gladys Clarke, Bernard Boisson\u00a0, Eric et Tina, C\u00e9dric Pollet, St\u00e9phane Esclamanti, Aur\u00e9lien Liutkus, Mr Edmond Berard, La\u00ebticia Houdebine, Laurence Gaud, les Arbronautes, les Accrobranch\u00e9s, Isabelle Vergne, le Comit\u00e9 21, Florent Martin, Jean Louis Alaux, Christine Laurent, monsieur et Madame Doumic, Jean Ren\u00e9 Bousquet, William Moore\u00a0, Richard et Martine, Nadine\u00a0, Isabelle Cabrol, Henri de Bresson\u00a0, Fran\u00e7ois Terrasson\u00a0, G\u00e9o Brunel (La Corbini\u00e8res des landes), la famille Risler, Anne Pichon et Jean-Philippe Beau-Dou\u00ebzy, Bertrand et Fran\u00e7ois Jacquel.<\/p>\n<p><strong><u>BELGIQUE : <\/u><\/strong>Benjamin Stassen<\/p>\n<p><strong><u>SUISSE :<\/u><\/strong> Le Professeur Reto Strasser, Pierre Alain Berret.<\/p>\n<p><strong><u>ALLEMAGNE :<\/u><\/strong> J\u00fcrgen H\u00fcfner, Maren Fritsche\u00a0, Mr et Mme Zimmermann , Bernard Bucker , Greenpeace for\u00eat .<\/p>\n<p><strong><u>SICILE :<\/u><\/strong> Oriana Ferlazzo, Leonardo Patti.<\/p>\n<p><strong><u>CANADA<\/u><\/strong><strong><u> :<\/u><\/strong> Christina Craton &amp; Tim Schwab\u00a0, C\u00e9cile Helten et ses enfants\u00a0, Western Canada Wilderness Committee, Monsieur et Madame Al Carder.<\/p>\n<p><strong><u>USA<\/u><\/strong><strong><u> :<\/u><\/strong> M. Dick Christiansen, Suzanne Spinks, David L.Johnson, June Julian, Monsieur John Hansel et Yvonne Spalthoff de Elm Research Institute\u00a0, Monsieur et Madame David Lewin\u00a0, Bart Bouricious\u00a0, Monsieur et Madame Philipp Berolzheimer\u00a0, Dennis Holmberg\u00a0, Rob Van Pelt\u00a0, Steve Sellett\u00a0, Michael Taylor\u00a0, EPIC, Paul Watson\u00a0, Cynthia Elkins\u00a0, Julia Butterfly\u00a0, Trees Foundation\u00a0, Guy et Bonnie Chetelat\u00a0, Michael Oxman, Michel Garnier\u00a0, Torrey Young\u00a0, Hilary, Katherine, Ashton et Gary Kimber\u00a0, David Trydhal\u00a0, White Mountains Research Station\u00a0, Ernie Marino\u00a0, Peter Cowles\u00a0, Illan Shamir\u00a0, Gary Braasch, Peter May, Dennis et Cynthia Wiancko\u00a0.<\/p>\n<p><strong><u>MEXIQUE :<\/u><\/strong> Alicia &amp; Rojelio Aguero\u00a0et leur fils.<\/p>\n<p><strong><u>CHILI :<\/u><\/strong> Carlos Guillero Hakanson\u00a0, M. Neslon Garcia\u00a0, Mr Martin Coudeu\u00a0, Hector Mauricio Lobos\u00a0.<\/p>\n<p><strong><u>AUSTRALIE :<\/u><\/strong> Wilderness Society, Amanda Sully, Geoff Law, Peter Sims, Wolfgang et Wendy Klein , Phil Kenyon , Garry Harding , Jill Kellow , Volker Depner, Northeilassa , Pate Lowe .<\/p>\n<p><strong><u>NOUVELLE ZELANDE :<\/u><\/strong> David Adams, AIR NEW ZEALAND, Derald et Pamela Petherbridge, Barry Daniel, Rob Graham, John Woolford, Alison Kellow, Paul Taylor et sa famille, Glenn Denby\u00a0, Geoff Park\u00a0, Caf\u00e9 Menton\u00a0.<\/p>\n<p><strong><u>INDE<\/u><\/strong><strong><u>:<\/u><\/strong> Jo\u00ebl, Fran\u00e7oise et Kalki K\u0153chlin\u00a0, Pierre Hubert Touchard et l\u2019Alliance Fran\u00e7aise de Delhi\u00a0, Madame Guitry de Pondich\u00e9ry\u00a0, Elf Atochem de Madras\u00a0, Sunderlal Bahuguna\u00a0, mouvement Chipko\u00a0, Rankaj et Sameer\u00a0.<\/p>\n<p><strong><u>SENEGAL :<\/u><\/strong> Wollimata Thia, ENDA Dakar, Jacques Bugnicourt, Moussa Seck.<\/p>\n<p><strong><u>AFRIQUE DU SUD :<\/u><\/strong> TOTAL Afrique du Sud\u00a0, Janice Golding\u00a0(National Botanical Institute), Isak Van der Merwe et Nicky Mitchell (DWAF)\u00a0, Sarah et Casper Winter\u00a0, Monsieur et Madame Du Plessis\u00a0, Sarie Momsen\u00a0, Hari\u00a0, Gardner Mahlokgo\u00a0, Madiwa le chef du village de Sagole\u00a0, SABC News\u00a0, Hellen Alexander\u00a0, Willie Botha et Joy Nel\u00a0, Neels Esterhuyse\u00a0, Peter Philipson et sa femme\u00a0, Arie Van Rheede\u00a0, FUJI \u2013 TELTRON &#8211; ISO PHOTO\u00a0, Stephanus Rautenbach\u00a0, Tony Maio\u00a0, BEITH DIGITAL\u00a0, Jeunesse Park (Food and Trees for Africa)\u00a0, Jeremy Burnham (World Summit 2002)\u00a0, Solly Moeng (NBI)\u00a0, Ernst Van Jaarsveldt (NBI Captown)\u00a0, Brad Goldblatt\u00a0, John Anderson et sa femme (NBI Pretoria \u2013 Gondwana Alive Society)\u00a0, Esther Njiro (Environmentek)\u00a0, Thobeka Thamage (Environmentek)\u00a0, Women for Peace, Prosperity and Planet in Africa)\u00a0.<\/p>\n<p><strong><u>KENYA :<\/u><\/strong> Joel Navaron et TOTAL Kenya\u00a0, Guy Erskine et sa famille\u00a0, Christian Lambrechts\u00a0, Samuel Mwangi\u00a0, Nicolas Grannier\u00a0, East African Wildlife Society\u00a0, Yasauyuki Morimoto\u00a0, Marc langay (WWF)\u00a0, Franklin Juma (TOTAL)\u00a0, Gabriel Muiuki\u00a0, Emmanuel Juma\u00a0, Nancy Kaguthi\u00a0, FUJIFILM Kenya (Pankaj)\u00a0, Toru Seki\u00a0, Neema Wamai (Nation)\u00a0, Knight Support Investigators\u00a0, Anthony M.Kariuki (TOTAL)\u00a0, John Gitabi\u00a0Kimotho\u00a0, Simon Wahome\u00a0, M.F.M. Malindi (Embassade du Kenya en France)\u00a0.<\/p>\n<p><strong><u>MADAGASCAR :<\/u><\/strong> TOTAL Madagascar\u00a0, Gilles Gauthier\u00a0, Fondation Ratsimamanga\u00a0, Tovo (WWF)\u00a0, Hotel Beau Rivage de Tulear\u00a0, Pascal, Bodo et Dune Boissard\u00a0(Restaurant Les Piroguiers &#8211; B\u00e9tania), Les habitants de B\u00e9tania\u00a0, Les habitants d\u2019Ampanihy.<\/p>\n<p><strong><u>CHINE :<\/u><\/strong> Friends of the Earth (Eric Walker \u2013 John C.K.Chan), Chinese Academy of Science, Lai Wen Yan (Sara), Wat Chi-Chuen (Jardin Botanique de Hong Kong, Vicky Gao Yan, Bertrand Cerru, Sun Weibang, Kunming Botanical Garden, Geraint Chen, James et Julie Wong (HK), Prof. Pei Sheng Ji (departement d\u2019ethnobotanique de Kunming), Warren Wu et Crystal Li, Sunnyside-Up Caf\u00e9 de Kunming, Zhang Yan Li, Li Hong Yen, Lixumei, Chen Peng (n\u00b0 40) Kunming News, Caiqing Yu, Dash Zhang, Prof.Quin, jin Chunlei (Ambassade de chine en France).<\/p>\n<p><strong><u>JAPON\u00a0: <\/u><\/strong>Jun Nishiwaki, Odile Hoffmann, Madame Gis\u00e8le Ono, Buttercups caf\u00e9 dont Hiroshi et Mama san, Mia Farnan, Catherine White, Denisa, Maki Fukami, Hitoshi Katagiri,Takeo Ikezawa et sa famille, Aishima Harsuki,Randy Helten et Mike Steppler, Michael Oxman, Murota san, Douglas et Michiko Ogata, Yukiko Takahashi, Nicolas et Corinne Barronnier et leur secr\u00e9taire Emiko, Satoko, Jenny Smith,\u00a0 Chie Yoshimune, Noriza Higeta, Shiro Kirihara, Tomomi Matuzaki, Mikiko Shimoyanagi, Nagata Kazuto, Jiro Fukunishi, Asako Murakami, Yasunori Yamauchi, Institut Franco Japonais de kansai de Kyoto, Mr Duthion, Kuboshima san, Taiji Ono, Katsami Sato et sa femme, Echiko, Yamazaki\u00a0 Yamairagawa, Motome Suzuki, Hiroyuki Okazaki, Yasuko Suita (direction g\u00e9n\u00e9rale Hanae Mori), Ken Sugiura (BROTHER), Yoshiro Sugiura, Tomoko, Yamaguchi Yasuhiro, Asano Kazuo, Jean fran\u00e7ois Simonnet, Kiyoshi Nishida (TBS Vision), Eric Carta, Yuzuriha Satoshi, Anzai Naoto, Earthday Tokyo, Nature Citizen Institute De Tokyo, Miyuki Takashima, Sono et Babi.<\/p>\n<p>Je remercie tous les enfants de tous les pays qui\u00a0 m\u2019ont offert leurs spontan\u00e9it\u00e9s, leurs accueils, leurs sourires\u00a0; ce fut par instant une le\u00e7on d\u2019humilit\u00e9. Je d\u00e9sire plus que tout que ce livre soit offert \u00e0 chacun des enfants qui ont \u00e9t\u00e9 photographi\u00e9 lors de mes voyages et qui ont \u00e9t\u00e9 publi\u00e9s dans ce livre.<\/p>\n<p>Je d\u00e9die mon livre et ce site \u00e0 tous ces enfants, qui sont les vrais ambassadeurs de la Nature.<\/p>\n<\/div>\n<p>&nbsp;<\/p>\n<div align=\"center\">\n<p><strong>\u00ab\u00a0les Enfants ont l&rsquo;avenir de la Plan\u00e8te <\/strong><\/p>\n<p><strong>dans leur coeur et dans leurs mains\u00a0\u00bb.<\/strong><\/p>\n<p>&nbsp;<\/p>\n<p><strong>Principalement je remercie les enfants des villages suivants\u00a0: <\/strong><\/p>\n<p>Lamanon (France)\u00a0, Sant\u2019Alfio (Sicile)\u00a0, Maibelle (Belgique)\u00a0, Liernu (Belgique)\u00a0, Santa Maria del Tule (Mexique)\u00a0, Dunkeld (Australie)\u00a0, Kempapura (Inde)\u00a0, Bidonville de South Extention &#8211; New Delhi\u00a0, Kadiri (Inde)\u00a0, Richivally (Inde)\u00a0, Weelajabad (Inde)\u00a0, Calcutta (Inde)\u00a0, Joshimath (Inde)\u00a0, Asena (Inde)\u00a0, Vall\u00e9e de Tehri (Inde)\u00a0, Diass (S\u00e9n\u00e9gal)\u00a0, Nigatake (Japon)\u00a0, Atsumi Machi (Japon)\u00a0, Kamou (Japon)\u00a0, Neo village (Japon)\u00a0, Sagole (Afrique du Sud)\u00a0, Bada (Yunnan Chine)\u00a0, Padam (Yunnan Chine)\u00a0, Modaoxi (Hubei Chine).<\/p>\n<p>Et J&rsquo;en oublie!&#8230;.<\/p>\n<p><strong>A tous les propri\u00e9taires des vieux arbres du monde qui m\u2019ont autoris\u00e9 \u00e0 les photographier. Sans eux, vous ne verriez pas ces belles images.<\/strong><\/p>\n<p><strong>Et surtout \u00e0 tous les Arbres V\u00e9n\u00e9rables de la Plan\u00e8te et \u00e0 tous les jeunes arbres qui esp\u00e9rons-le vivront assez longtemps pour devenir v\u00e9n\u00e9rables.<\/strong><\/p>\n<p><img decoding=\"async\" loading=\"lazy\" src=\"http:\/\/arbresvenerables.arborethic.com\/ArbresVenerables\/images\/mappemonde+sphere.gif\" alt=\"carnet de voyage\" usemap=\"#ImageMap1\" width=\"382\" height=\"311\" align=\"middle\" border=\"0\" \/><\/p>\n<\/div>\n<\/form>\n","protected":false},"excerpt":{"rendered":"<p>Le Livre de J\u00e9r\u00f4me Hutin \u00ab\u00a0Les Arbres V\u00e9n\u00e9rables\u00a0\u00bb Epuis\u00e9 !!! Si vous souhaitez que mon \u00e9diteur le r\u00e9\u00e9dite en papier recycl\u00e9, envoyer vos lettres \u00e0 la direction \u00e9ditoriale (Isabelle ou Laurent Laffont), et n&rsquo;h\u00e9sitez pas!!!!Merci (Editions Jean Claude Latt\u00e8s &#8211; 17 rue Jacob &#8211;&#8230;<\/p>\n","protected":false},"author":1,"featured_media":0,"parent":89,"menu_order":0,"comment_status":"closed","ping_status":"closed","template":"","meta":{"_mi_skip_tracking":false,"_monsterinsights_sitenote_active":false,"_monsterinsights_sitenote_note":"","_monsterinsights_sitenote_category":0},"_links":{"self":[{"href":"https:\/\/arbresvenerables.arborethic.com\/blog\/index.php\/wp-json\/wp\/v2\/pages\/235"}],"collection":[{"href":"https:\/\/arbresvenerables.arborethic.com\/blog\/index.php\/wp-json\/wp\/v2\/pages"}],"about":[{"href":"https:\/\/arbresvenerables.arborethic.com\/blog\/index.php\/wp-json\/wp\/v2\/types\/page"}],"author":[{"embeddable":true,"href":"https:\/\/arbresvenerables.arborethic.com\/blog\/index.php\/wp-json\/wp\/v2\/users\/1"}],"replies":[{"embeddable":true,"href":"https:\/\/arbresvenerables.arborethic.com\/blog\/index.php\/wp-json\/wp\/v2\/comments?post=235"}],"version-history":[{"count":5,"href":"https:\/\/arbresvenerables.arborethic.com\/blog\/index.php\/wp-json\/wp\/v2\/pages\/235\/revisions"}],"predecessor-version":[{"id":981,"href":"https:\/\/arbresvenerables.arborethic.com\/blog\/index.php\/wp-json\/wp\/v2\/pages\/235\/revisions\/981"}],"up":[{"embeddable":true,"href":"https:\/\/arbresvenerables.arborethic.com\/blog\/index.php\/wp-json\/wp\/v2\/pages\/89"}],"wp:attachment":[{"href":"https:\/\/arbresvenerables.arborethic.com\/blog\/index.php\/wp-json\/wp\/v2\/media?parent=235"}],"curies":[{"name":"wp","href":"https:\/\/api.w.org\/{rel}","templated":true}]}}