{"id":1130,"date":"2016-12-22T00:22:49","date_gmt":"2016-12-21T23:22:49","guid":{"rendered":"http:\/\/arbresvenerables.arborethic.com\/blog\/?page_id=1130"},"modified":"2016-12-22T00:22:49","modified_gmt":"2016-12-21T23:22:49","slug":"allemagne-2000","status":"publish","type":"page","link":"https:\/\/arbresvenerables.arborethic.com\/blog\/index.php\/carnet-de-voyages\/allemagne-2000\/","title":{"rendered":"Allemagne (2000)"},"content":{"rendered":"<p><u><strong>(avec l&rsquo;aide de mes amis J\u00fcrgen H\u00fcfner et Maren Fritsche)<\/strong><\/u><\/p>\n<table border=\"0\" align=\"center\">\n<tbody>\n<tr>\n<td class=\"Style77\" width=\"347\">\n<p align=\"center\"><a href=\"http:\/\/arbresvenerables.arborethic.com\/blog\/wp-content\/uploads\/2016\/12\/WEB-L104-5-chene-de-la-regi.jpg\"><img decoding=\"async\" loading=\"lazy\" class=\"aligncenter size-full wp-image-1136\" src=\"http:\/\/arbresvenerables.arborethic.com\/blog\/wp-content\/uploads\/2016\/12\/WEB-L104-5-chene-de-la-regi.jpg\" alt=\"\" width=\"184\" height=\"244\" \/><\/a><\/p>\n<\/td>\n<td class=\"Style77\" width=\"303\">\n<p align=\"center\"><a href=\"http:\/\/arbresvenerables.arborethic.com\/blog\/wp-content\/uploads\/2016\/12\/WEB_Jurgen_Hufner.jpg\"><img decoding=\"async\" loading=\"lazy\" class=\"aligncenter size-full wp-image-1139\" src=\"http:\/\/arbresvenerables.arborethic.com\/blog\/wp-content\/uploads\/2016\/12\/WEB_Jurgen_Hufner.jpg\" alt=\"\" width=\"157\" height=\"243\" \/><\/a><\/p>\n<\/td>\n<\/tr>\n<\/tbody>\n<\/table>\n<p class=\"Style77\">\n<p class=\"Style77\" align=\"justify\">Gr\u00e2ce \u00e0 Internet, j&rsquo;ai rencontr\u00e9 un jeune photographe Allemand, <strong><a href=\"http:\/\/www.juergen-huefner.de\/\">J\u00fcrgen H\u00fcfner<\/a>,<\/strong> aussi amoureux des vieux arbres que moi et qui m&rsquo;a fait rencontr\u00e9 quelques sp\u00e9cimens de la r\u00e9gion de la Rh\u00f6n.<\/p>\n<p class=\"Style77\" align=\"justify\">Tout d&rsquo;abord j&rsquo;avais regard\u00e9 son site Internet et j&rsquo;en avais \u00e9t\u00e9 s\u00e9duit. Puis d\u00e8s la premi\u00e8re rencontre avec cet amoureux des arbres, j&rsquo;ai d\u00e9couvert petit \u00e0 petit toute sa g\u00e9n\u00e9rosit\u00e9, son grand coeur. Ensemble nous avons pu cr\u00e9er un site d\u00e9di\u00e9 aux arbres, aux enfants et \u00e0 la nature, traduit en trois langues : fran\u00e7ais, anglais et allemand.<\/p>\n<p class=\"Style77\" align=\"justify\"><a href=\"http:\/\/arbresvenerables.arborethic.com\/blog\/wp-content\/uploads\/2016\/12\/WEB-L123-2-Chene-de-Bad-Bru.jpg\"><img decoding=\"async\" loading=\"lazy\" class=\"size-full wp-image-1138 alignleft\" src=\"http:\/\/arbresvenerables.arborethic.com\/blog\/wp-content\/uploads\/2016\/12\/WEB-L123-2-Chene-de-Bad-Bru.jpg\" alt=\"\" width=\"266\" height=\"200\" srcset=\"https:\/\/arbresvenerables.arborethic.com\/blog\/wp-content\/uploads\/2016\/12\/WEB-L123-2-Chene-de-Bad-Bru.jpg 266w, https:\/\/arbresvenerables.arborethic.com\/blog\/wp-content\/uploads\/2016\/12\/WEB-L123-2-Chene-de-Bad-Bru-80x60.jpg 80w\" sizes=\"(max-width: 266px) 100vw, 266px\" \/><\/a><\/p>\n<p class=\"Style77\" align=\"justify\">Il m&rsquo;a montr\u00e9 l\u00e0-bas quelques superbes h\u00eatres qui embellissent les for\u00eats, quelques vieux tilleuls ornant les places des \u00e9glises, etc. Il m&rsquo;a, entre autres, emmen\u00e9 voir le <a href=\"http:\/\/arbresvenerables.arborethic.com\/blog\/wp-content\/uploads\/2016\/12\/WEB-L123-1-Chene-de-Bad-Bru.jpg\"><img decoding=\"async\" loading=\"lazy\" class=\"size-full wp-image-1137 alignright\" src=\"http:\/\/arbresvenerables.arborethic.com\/blog\/wp-content\/uploads\/2016\/12\/WEB-L123-1-Chene-de-Bad-Bru.jpg\" alt=\"\" width=\"266\" height=\"200\" srcset=\"https:\/\/arbresvenerables.arborethic.com\/blog\/wp-content\/uploads\/2016\/12\/WEB-L123-1-Chene-de-Bad-Bru.jpg 266w, https:\/\/arbresvenerables.arborethic.com\/blog\/wp-content\/uploads\/2016\/12\/WEB-L123-1-Chene-de-Bad-Bru-80x60.jpg 80w\" sizes=\"(max-width: 266px) 100vw, 266px\" \/><\/a><strong><em>Ch\u00eane de Ludwig (Quercus robur) de Bad Br\u00fcckenau<\/em><\/strong>, un arbre mill\u00e9naire que v\u00e9n\u00e9rait le roi Ludwig.<\/p>\n<p class=\"Style77\" align=\"justify\">Ce roi \u00e9tait un amoureux des plantes et il aurait ramen\u00e9 de ses voyages nombreux arbres et plantes.<\/p>\n<p class=\"Style77\" align=\"justify\">\n<p class=\"Style77\" align=\"justify\">\n<p class=\"Style77\" align=\"justify\"><a href=\"http:\/\/arbresvenerables.arborethic.com\/blog\/wp-content\/uploads\/2016\/12\/WEB-germany-reith-oak.jpg\"><img decoding=\"async\" loading=\"lazy\" class=\"size-full wp-image-1133 alignleft\" src=\"http:\/\/arbresvenerables.arborethic.com\/blog\/wp-content\/uploads\/2016\/12\/WEB-germany-reith-oak.jpg\" alt=\"\" width=\"284\" height=\"214\" srcset=\"https:\/\/arbresvenerables.arborethic.com\/blog\/wp-content\/uploads\/2016\/12\/WEB-germany-reith-oak.jpg 284w, https:\/\/arbresvenerables.arborethic.com\/blog\/wp-content\/uploads\/2016\/12\/WEB-germany-reith-oak-80x60.jpg 80w\" sizes=\"(max-width: 284px) 100vw, 284px\" \/><\/a>Nous sommes all\u00e9s voir aussi le <em><strong>Ch\u00eane mill\u00e9naire de Reith<\/strong><\/em>.<\/p>\n<p class=\"Style77\" align=\"justify\">La plus part des arbres v\u00e9n\u00e9rables de l\u2019Allemagne sont prot\u00e9g\u00e9s et class\u00e9s en tant que Monuments Naturels.<\/p>\n<p class=\"Style77\" align=\"justify\">D&rsquo;autres rencontres en Allemagne, et bien que je ne parle pas la langue, m&rsquo;ont permis d&rsquo;aller \u00e0 Berlin y organiser des diaporamas et de d\u00e9couvrir dans le <strong>Mecklenbourg<\/strong> des routes bord\u00e9es de Tilleuls, de H\u00eatres, de Ch\u00eanes ou de Fr\u00eanes, des arbres magnifiques d\u00e9ployant de splendides canop\u00e9es. Ils sont pourtant appel\u00e9s \u00e0 dispara\u00eetre en raison de l&rsquo;\u00e9largissement des routes bien qu&rsquo;ils fassent partie du patrimoine historique, culturel et paysag\u00e9.<\/p>\n<p class=\"Style77\" align=\"justify\">\n<p class=\"Style77\" align=\"justify\">\n<p class=\"Style77\" align=\"justify\"><a href=\"http:\/\/arbresvenerables.arborethic.com\/blog\/wp-content\/uploads\/2016\/12\/WEB-Allemagne-Orme-de-Putza.jpg\"><img decoding=\"async\" loading=\"lazy\" class=\"size-full wp-image-1140 alignleft\" src=\"http:\/\/arbresvenerables.arborethic.com\/blog\/wp-content\/uploads\/2016\/12\/WEB-Allemagne-Orme-de-Putza.jpg\" alt=\"\" width=\"200\" height=\"266\" \/><\/a><\/p>\n<p class=\"Style77\" align=\"justify\"><strong><em>L&rsquo;Orme de Putzar<\/em><\/strong> est pour le moins surprenant et pourrait avoir la palme d&rsquo;Or pour son adaptation au sol et son intelligence. En effet, alors qu&rsquo;en cet endroit n&rsquo;existaient plus que les ruines d&rsquo;un ancien ch\u00e2teau, l&rsquo;orme r\u00e9ussit \u00e0 germer sur une vo\u00fbte tr\u00e8s fine (cinq centim\u00e8tres) faite de brique, avec pour seule fondation une ancienne glaciaire ou puits compl\u00e8tement d\u00e9moli. Il a tranquillement d\u00e9ploy\u00e9 son syst\u00e8me racinaire, lui donnant une forme vo\u00fbt\u00e9e s&rsquo;harmonisant parfaitement avec la vo\u00fbte min\u00e9rale. En passant de l&rsquo;autre c\u00f4t\u00e9 de la vo\u00fbte, on peut apercevoir tout le syst\u00e8me racinaire a\u00e9rien, qui \u00e9voque la for\u00eat vierge. Son tronc, s&rsquo;\u00e9lan\u00e7ant verticalement vers les cieux, a une hauteur vertigineuse de plus de 25 m\u00e8tres, et pendant longtemps encore, l&rsquo;Orme du haut de sa frondaison prot\u00e9gera le village de Putzar.<\/p>\n<p class=\"Style77\" align=\"justify\">\n<p class=\"Style77\" align=\"justify\"><a href=\"http:\/\/arbresvenerables.arborethic.com\/blog\/wp-content\/uploads\/2016\/12\/WEB-beech-of-Krakow-Germany.jpg\"><img decoding=\"async\" loading=\"lazy\" class=\"size-full wp-image-1131 alignright\" src=\"http:\/\/arbresvenerables.arborethic.com\/blog\/wp-content\/uploads\/2016\/12\/WEB-beech-of-Krakow-Germany.jpg\" alt=\"\" width=\"266\" height=\"200\" srcset=\"https:\/\/arbresvenerables.arborethic.com\/blog\/wp-content\/uploads\/2016\/12\/WEB-beech-of-Krakow-Germany.jpg 266w, https:\/\/arbresvenerables.arborethic.com\/blog\/wp-content\/uploads\/2016\/12\/WEB-beech-of-Krakow-Germany-80x60.jpg 80w\" sizes=\"(max-width: 266px) 100vw, 266px\" \/><\/a><\/p>\n<p class=\"Style77\" align=\"justify\"><em><strong>Le H\u00eatre de Krakow<\/strong><\/em> \u00e9tend son immense ramure au bas d&rsquo;un grand pr\u00e9, en lisi\u00e8re d&rsquo;une for\u00eat. Sa circonf\u00e9rence est de huit m\u00e8tres. Un banc a \u00e9t\u00e9 install\u00e9 afin que l&rsquo;on puisse le contempler et pourquoi pas m\u00e9diter face \u00e0 sa majest\u00e9. C\u2019est l\u2019arbre pr\u00e9f\u00e9r\u00e9 de Maren Fritsche, laquelle m\u2019a fait d\u00e9couvrir les tr\u00e9sors botaniques de sa r\u00e9gion.<\/p>\n<p class=\"Style77\" align=\"justify\"><em><strong>Le Tilleul de Polchow<\/strong><\/em>. Mentionn\u00e9 dans l&rsquo;inventaire mondial des arbres anciens, ce tilleul pousse depuis des si\u00e8cles dans un vieux cimeti\u00e8re. Enti\u00e8rement creux, son tronc ne mesure pas moins de quatorze m\u00e8tres de circonf\u00e9rence. Le Tilleul, un des arbres sacr\u00e9s de l&rsquo;Allemagne, est li\u00e9 sans doute aux croyances celtiques. C&rsquo;est vraisemblablement pour cette raison que les tilleuls les plus anciens se trouvent souvent dans des cimeti\u00e8res.<\/p>\n<p class=\"Style77\" align=\"justify\">\u00a0<a href=\"http:\/\/arbresvenerables.arborethic.com\/blog\/wp-content\/uploads\/2016\/12\/WEB-Apple-tree-WEB-Mecklenb.jpg\"><img decoding=\"async\" loading=\"lazy\" class=\"size-full wp-image-1141 alignright\" src=\"http:\/\/arbresvenerables.arborethic.com\/blog\/wp-content\/uploads\/2016\/12\/WEB-Apple-tree-WEB-Mecklenb.jpg\" alt=\"\" width=\"400\" height=\"303\" srcset=\"https:\/\/arbresvenerables.arborethic.com\/blog\/wp-content\/uploads\/2016\/12\/WEB-Apple-tree-WEB-Mecklenb.jpg 400w, https:\/\/arbresvenerables.arborethic.com\/blog\/wp-content\/uploads\/2016\/12\/WEB-Apple-tree-WEB-Mecklenb-300x227.jpg 300w, https:\/\/arbresvenerables.arborethic.com\/blog\/wp-content\/uploads\/2016\/12\/WEB-Apple-tree-WEB-Mecklenb-80x60.jpg 80w\" sizes=\"(max-width: 400px) 100vw, 400px\" \/><\/a><\/p>\n<p class=\"Style77\" align=\"justify\"><strong><em>Le Pommier sauvage de Stubbendorf.<\/em><\/strong> Non loin de Rostock, dans le village de Stubbendorf, cro\u00eet ce pommier qui aurait plus de quatre cents ans. D&rsquo;apr\u00e8s Maren Fritsche qui me l&rsquo;a fait conna\u00eetre ce serait le plus gros du Mecklembourg, mais je crois pouvoir affirmer qu&rsquo;il est m\u00eame le plus imposant d&rsquo;Europe. Son tronc tourment\u00e9 mesure quatre m\u00e8tres cinquante de tour et ses branches reposent au sol pour mieux se soutenir. Il produit toujours de belles pommes rouge-jaune.<\/p>\n<p class=\"Style77\" align=\"justify\">Cet arbre \u00e9tonnant, sauvage et non greff\u00e9 m&rsquo;a donn\u00e9 une id\u00e9e. J&rsquo;aimerais que les enfants du voisinage se regroupent et r\u00e9cup\u00e8rent les graines des pommes pour les planter et surveiller patiemment leur croissance et l&rsquo;\u00e9volution des jeunes pommiers. Ce serait un moyen de faire perdurer cette esp\u00e8ce.<\/p>\n<p class=\"Style77\" align=\"justify\">Malheureusement en Janvier 2007, une temp\u00eate \u00e0 arracher une bonne partie de l&rsquo;arbre de la terre. Et il encore vivant???<\/p>\n<p class=\"Style77\"><a href=\"http:\/\/arbresvenerables.arborethic.com\/blog\/wp-content\/uploads\/2016\/12\/pommier_Stubbendorf_cass\u00e9.jpg\"><img decoding=\"async\" loading=\"lazy\" class=\"size-full wp-image-1142 alignleft\" src=\"http:\/\/arbresvenerables.arborethic.com\/blog\/wp-content\/uploads\/2016\/12\/pommier_Stubbendorf_cass\u00e9.jpg\" alt=\"\" width=\"449\" height=\"300\" srcset=\"https:\/\/arbresvenerables.arborethic.com\/blog\/wp-content\/uploads\/2016\/12\/pommier_Stubbendorf_cass\u00e9.jpg 449w, https:\/\/arbresvenerables.arborethic.com\/blog\/wp-content\/uploads\/2016\/12\/pommier_Stubbendorf_cass\u00e9-300x200.jpg 300w\" sizes=\"(max-width: 449px) 100vw, 449px\" \/><\/a><\/p>\n<p class=\"Style77\">(c) photos de Maren Fritche<\/p>\n<p class=\"Style77\"><a href=\"http:\/\/arbresvenerables.arborethic.com\/blog\/wp-content\/uploads\/2016\/12\/pommier_stubbendorf_P1020631.jpg\"><img decoding=\"async\" loading=\"lazy\" class=\"size-full wp-image-1143 alignleft\" src=\"http:\/\/arbresvenerables.arborethic.com\/blog\/wp-content\/uploads\/2016\/12\/pommier_stubbendorf_P1020631.jpg\" alt=\"\" width=\"449\" height=\"300\" srcset=\"https:\/\/arbresvenerables.arborethic.com\/blog\/wp-content\/uploads\/2016\/12\/pommier_stubbendorf_P1020631.jpg 449w, https:\/\/arbresvenerables.arborethic.com\/blog\/wp-content\/uploads\/2016\/12\/pommier_stubbendorf_P1020631-300x200.jpg 300w\" sizes=\"(max-width: 449px) 100vw, 449px\" \/><\/a><\/p>\n<p class=\"Style77\">(c) photos de Maren Fritche<\/p>\n<p class=\"Style77\" align=\"justify\">\u00a0Que se soit avec Benjamin, J\u00fcrgen, Maren et bien d\u2019autres, des recensements sont r\u00e9alis\u00e9s dans toute l\u2019Europe. J\u2019ai m\u00eame re\u00e7u un petit livre sur les arbres anciens de Tch\u00e9coslovaquie et leurs l\u00e9gendes tziganes. Je penserais sillonner l&rsquo;Europe \u00e0 la recherche de ces arbres sacr\u00e9s, l\u00e9gendaires o\u00f9 des peuples nomades y avaient s\u00e9journ\u00e9&#8230;<\/p>\n","protected":false},"excerpt":{"rendered":"<p>(avec l&rsquo;aide de mes amis J\u00fcrgen H\u00fcfner et Maren Fritsche) Gr\u00e2ce \u00e0 Internet, j&rsquo;ai rencontr\u00e9 un jeune photographe Allemand, J\u00fcrgen H\u00fcfner, aussi amoureux des vieux arbres que moi et qui m&rsquo;a fait rencontr\u00e9 quelques sp\u00e9cimens de la r\u00e9gion de la Rh\u00f6n. Tout d&rsquo;abord j&rsquo;avais&#8230;<\/p>\n","protected":false},"author":1,"featured_media":0,"parent":1024,"menu_order":0,"comment_status":"closed","ping_status":"closed","template":"","meta":{"_mi_skip_tracking":false,"_monsterinsights_sitenote_active":false,"_monsterinsights_sitenote_note":"","_monsterinsights_sitenote_category":0},"_links":{"self":[{"href":"https:\/\/arbresvenerables.arborethic.com\/blog\/index.php\/wp-json\/wp\/v2\/pages\/1130"}],"collection":[{"href":"https:\/\/arbresvenerables.arborethic.com\/blog\/index.php\/wp-json\/wp\/v2\/pages"}],"about":[{"href":"https:\/\/arbresvenerables.arborethic.com\/blog\/index.php\/wp-json\/wp\/v2\/types\/page"}],"author":[{"embeddable":true,"href":"https:\/\/arbresvenerables.arborethic.com\/blog\/index.php\/wp-json\/wp\/v2\/users\/1"}],"replies":[{"embeddable":true,"href":"https:\/\/arbresvenerables.arborethic.com\/blog\/index.php\/wp-json\/wp\/v2\/comments?post=1130"}],"version-history":[{"count":1,"href":"https:\/\/arbresvenerables.arborethic.com\/blog\/index.php\/wp-json\/wp\/v2\/pages\/1130\/revisions"}],"predecessor-version":[{"id":1144,"href":"https:\/\/arbresvenerables.arborethic.com\/blog\/index.php\/wp-json\/wp\/v2\/pages\/1130\/revisions\/1144"}],"up":[{"embeddable":true,"href":"https:\/\/arbresvenerables.arborethic.com\/blog\/index.php\/wp-json\/wp\/v2\/pages\/1024"}],"wp:attachment":[{"href":"https:\/\/arbresvenerables.arborethic.com\/blog\/index.php\/wp-json\/wp\/v2\/media?parent=1130"}],"curies":[{"name":"wp","href":"https:\/\/api.w.org\/{rel}","templated":true}]}}